ose 0 = 3*d + 8 - n. Suppose -h = -d*h + 52. Calculate the greatest common factor of 91 and h.
13
Suppose -5*c = 5*p - 4*c - 432, c = 2. Suppose -36 = x - p. Suppose -3*h = -7*h + 4*q + 80, -3*h + x = -q. Calculate the greatest common divisor of h and 60.
15
Suppose -31*d = -36*d + 275. What is the greatest common factor of d and 5?
5
Let z = 39 - 69. Let w = -15 - z. Suppose -p + 31 + 29 = 0. Calculate the highest common factor of w and p.
15
Let k be -1 + (-22)/(-18) + (-500)/(-180). Let v(x) = 26*x**3 + 2*x**2 - 1. Let o be v(1). What is the highest common divisor of o and k?
3
Let v = 47 - 40. What is the highest common divisor of 63 and v?
7
Suppose -3*t = 5*x - 437, 4*x - t + 0*t - 353 = 0. Let c(h) = 22*h**2 + h + 1. Let j be c(-1). What is the greatest common factor of x and j?
22
Suppose 3*f = f + 16. Let t be 5*(-2)/(f/(-4)). What is the greatest common factor of t and 25?
5
Let n = 46 - 33. Suppose -l - 26 = -3*l. Calculate the highest common divisor of l and n.
13
Let r be -1 + (-1)/(-2)*10. Let q = 3 - r. Let y be -1 + 2 + 35 + q. What is the greatest common factor of 7 and y?
7
Suppose -3*f + 3*g = 0, 0 = -0*f + 5*f + 3*g - 16. What is the greatest common factor of f and 2?
2
Suppose 85 = v - 3. What is the greatest common factor of 22 and v?
22
Let n(t) = t**3 + 9*t**2 - 8*t + 27. Let c be n(-10). What is the greatest common divisor of c and 77?
7
Suppose 4*l - 2*l + 66 = 0. Let t = l - -46. Calculate the greatest common divisor of 26 and t.
13
Suppose 5*y + 1 - 6 = 0. Calculate the highest common divisor of y and 8.
1
Let l be (7/((-35)/20) + 3)*-14. What is the greatest common divisor of 21 and l?
7
Let h(u) = -u**2 + 7*u + 8. Let k be h(7). Let a = 19 - k. What is the greatest common divisor of a and 55?
11
Let b = 125 + -27. Calculate the highest common divisor of b and 14.
14
Let f be ((-21)/4)/((-2)/48). Let x be 2*(82/4 + -3). Let o = -17 + x. Calculate the greatest common divisor of o and f.
18
Suppose -6 - 2 = 4*a. Let t be 7 - (a/(-1) + 1). Let o be ((-2)/(-3))/((-2)/(-18)). What is the highest common divisor of t and o?
2
Let s(v) = 2*v**2 + 0*v**3 - 4*v - 4*v**3 + 4*v**2 + 6 + 3*v**3. Let h be s(4). What is the greatest common divisor of 55 and h?
11
Suppose -d + 0*d + 3 = 0. Let y be (7 + -1)/(d/2). Let s be (-16)/(-10)*35/2. What is the highest common factor of y and s?
4
Suppose 44 = 4*s - 2*j, 5*s - 51 = 5*j - 1. Calculate the greatest common divisor of 54 and s.
6
Let h be -3*2/(-9) + 62/6. What is the greatest common factor of 99 and h?
11
Let n(d) = 2*d**2 - 2. Let y be n(6). Suppose -y = -3*u - 2*u. Let c be (-1)/(-1) + 51*3. What is the highest common factor of u and c?
14
Let c = -86 - -150. Suppose -3*h - 1 + c = 0. Calculate the highest common divisor of 7 and h.
7
Suppose m - 3*z - 72 = -0*z, m + 5*z - 32 = 0. What is the greatest common divisor of m and 38?
19
Suppose -5*n - 3*j = -70, -2*n - j + 17 = -11. Calculate the highest common divisor of 2 and n.
2
Suppose 0*a = 2*a - 8. Suppose -6*z = -5*b - z + 40, -a*z - 14 = -b. What is the highest common divisor of b and 18?
6
Let x(q) = -q**3 - 10*q**2 + 10*q - 11. Let g be x(-11). Let v be (g + (-1 - -4))*1. Calculate the highest common divisor of 3 and v.
3
Suppose 4*p + l + 19 = 56, -5*p + 2*l = -56. Calculate the greatest common divisor of 10 and p.
10
Let o be (0 - 1) + 3 + 0/(-5). What is the greatest common divisor of o and 1?
1
Suppose -4*p + 19 = -3*a - 3, 4*a = 4*p - 28. Let j be 24 + 12/(a - -3). What is the highest common divisor of j and 8?
4
Let i(n) = -n + 11. Let h be i(-5). What is the greatest common factor of 128 and h?
16
Suppose -2*j + 7 = -9. Suppose 8 = 2*i - 5*r, -3*r - j = -2*i - r. Suppose 4*f - i - 12 = 0. What is the greatest common divisor of f and 10?
2
Let w(m) = -12*m**3 + 5*m**2 + m - 2. Let a be w(-2). What is the greatest common factor of a and 14?
14
Let a be 57 - -1*(1 + 1). Suppose -229 - a = -4*k. Suppose -2*u = -2*g - 28, 0*u - 26 = -4*u - 2*g. Calculate the highest common divisor of k and u.
9
Let z(m) = -m - 5. Let j be z(7). Let f be (-734)/(-8) - j/(-16). What is the highest common divisor of 13 and f?
13
Let l = -179 - -274. Calculate the highest common divisor of 19 and l.
19
Let b(u) = -u**3 - u**2 - 2*u + 4. Let r be b(-3). Suppose 5*s + 10 = 0, -48 = -3*m - 0*m + 3*s. Calculate the greatest common factor of r and m.
14
Let q(m) = -m**2 + 7*m - 2. Let u be q(10). Let f = u + 62. What is the greatest common divisor of 180 and f?
30
Suppose -q + 18 = -0*q. What is the greatest common factor of q and 2?
2
Let k(m) = 2*m - 6. Suppose 4*q = 2*q + 10. Let a be k(q). Suppose -a*x = -55 - 17. What is the highest common factor of 27 and x?
9
Suppose -2*k = 5*n - 80 + 9, 2*k - 3*n - 111 = 0. Suppose -36 = -x - 12. Calculate the highest common factor of x and k.
24
Suppose 6*x - 16 = 2*x. Let m be x*(-22)/(-12)*12. What is the greatest common divisor of m and 8?
8
Let b(t) = t**3 - 2*t**2 - t + 2. Let i be b(2). Let n = i + 4. Suppose -3*j + 140 = 2*j. Calculate the greatest common divisor of j and n.
4
Let p be -22*35/20*-2. Calculate the greatest common factor of 7 and p.
7
Let v(z) = z**2 - 3*z. Let j be v(3). Suppose j*d = 2*d - 48. What is the highest common factor of d and 16?
8
Let a = 13 + -13. Suppose -2*z - 5*y = -a*z + 2, -3*y = 6. What is the greatest common factor of 20 and z?
4
Let n be 46/6 - 2/(-6). What is the highest common factor of n and 88?
8
Suppose 4*d = 3*n + 18, 4*n + 16 = 4*d - 0*n. Let j be ((-4)/d)/((-4)/(-6)). Let f = j + 9. What is the greatest common factor of f and 72?
8
Let p(i) = -6*i - 1. Let a be p(-2). What is the greatest common divisor of a and 44?
11
Let p(g) = 3*g**2 + 8*g + 13. Let b be p(-5). What is the highest common divisor of b and 16?
16
Let b(s) = s**3 - 4*s**2 - s + 1. Let d be b(5). Calculate the greatest common factor of d and 3.
3
Let b be 12*2/(-10)*-5. Suppose -2*z + 186 = 3*v, -z - 5*v - 298 = -4*z. Calculate the highest common factor of z and b.
12
Let c = -2 + -4. Let u = c + 127. What is the highest common factor of u and 11?
11
Suppose 0 = k + 4 - 24. Let z be (-6)/15 + 4/10. Suppose 180 = -z*y + 3*y. What is the highest common factor of k and y?
20
Let u(c) = -2*c + 33. Let y be u(11). Calculate the highest common factor of y and 88.
11
Let b(y) = -4*y - 16. Let v be b(-11). Calculate the highest common divisor of v and 70.
14
Let m(i) = 2*i - 18. Let p be m(11). Let y be (-72)/10*(-6 + 1). Calculate the greatest common factor of y and p.
4
Let f be (2/4)/(3/234). Let b(o) = -2*o + 10. Let x be b(-8). Calculate the highest common divisor of f and x.
13
Suppose 3*h - 150 = 3*s, 2*s - s = 3*h - 146. Calculate the highest common factor of 120 and h.
24
Let w be 110 + (-3 - 2/(-2)). Calculate the highest common divisor of 12 and w.
12
Let x be (24/10)/((-8)/(-20)). Let m be ((-10)/x)/(6/(-36)). Let o(l) = l + 10. Let u be o(-8). Calculate the highest common divisor of u and m.
2
Suppose 2 = 3*r + 5. Let a be (-4 - r)*(1 - 5). Suppose 3*p = 2*q - 35 + 177, -4*p = -3*q - 189. Calculate the highest common divisor of p and a.
12
Let o = 21 - 9. Let t(l) = l + 60. Let s be t(0). What is the highest common factor of o and s?
12
Let i = 5 + -3. Suppose -4*j - 3*o = -105, 4*j = -i*o + o + 99. Suppose l + 7 = 6*k - 3*k, 2*k - 2 = l. Calculate the highest common divisor of j and l.
8
Suppose -2*c = d + 6, 3*c + 18 + 17 = 5*d. Let h(f) = 9*f**3 - f**2 + 1. Let o be h(-1). Let b be 1*3*(-3)/o. Calculate the greatest common factor of b and d.
1
Let v be 6 + (0 + 2)/(-2). What is the highest common divisor of v and 25?
5
Let q(j) = j**3 + 10*j**2 + 10*j + 13. Let c be q(-9). Let x be (6 + 1)*140/49. What is the greatest common divisor of x and c?
4
Suppose -3*v = -v - 452. Let y = v - 160. Let j = 141 - y. What is the greatest common divisor of j and 30?
15
Suppose -14*s = 5*s - 513. What is the highest common divisor of 108 and s?
27
Let m = 18 + -2. Let v = 25 - 1. Calculate the greatest common factor of m and v.
8
Let l = 16 + -12. Suppose -q = -34 + l. Let j(a) = 13*a - 3. Let z be j(6). Calculate the greatest common factor of z and q.
15
Suppose -2*f + 4 + 4 = 0. Suppose -4*j - 2*p + 16 = 0, j + f = 3*p + 1. Calculate the greatest common divisor of j and 30.
3
Let n(g